1 - -21 - -90?
64
Evaluate 54 - 0 - (-1 - 23 - (-47 - -25)).
56
Calculate (0 - 11) + -17 + 6 + 18.
-4
(13 - 13 - -15) + (11 - 19) + 0 + -39
-32
-142 - -146 - (-20 + 5 + (-3 - 0))
22
What is (-28 - -50) + (-18 - (-10 - -5))?
9
Calculate (-5 - 2) + -2 + 6 + -41 + 58.
14
-130 - (-45 - 52) - -28
-5
Calculate (-12 - -24) + -13 + -16 + 26 + -1.
8
What is the value of 4 + -5 + -27 + 20 + -7 + -53?
-68
11 + -1 + 1 + (-32 - -98) + -25
52
What is -2 - -8 - (-24 + (1 - -41) + -13)?
1
What is the value of 144 - ((250 - 73) + 80)?
-113
Calculate (-34 - 2) + -5 + 14 + -5 + 4.
-28
What is (-16 - 3) + (-56 - -54) + 24?
3
98 - 104 - (-2 + 7) - -62
51
Evaluate 154 + -5 + 18 + (15 - 6) + -38.
138
Calculate -45 - -59 - (-32 - (-6 + -8)).
32
65 + -5 + -55 + (-1 + 8 - (3 + -6))
15
What is 20 + (6 + -30 - -16 - 7)?
5
-27 + (4 - (130 - 80))
-73
What is (106 - 49) + -35 + -87?
-65
-2 - -4 - (217 + -214) - (-2 + 13)
-12
What is the value of -41 - (-154 + -1 + 230)?
-116
What is (-1 - -11) + 2 - (72 + 22 + -34)?
-48
What is the value of 2 + 1 - (-76 - (-53 - 51))?
-25
Evaluate -124 + (130 - (-266 - -138)).
134
Calculate 210 + -234 - (-3 + -14).
-7
Evaluate 2 + 12 + (-26 + 8 - -3).
-1
What is the value of 57 + 23 + -17 + -64?
-1
What is 0 + (1 + 0 - 14) - 0 - (15281 - 15385)?
91
Calculate (1 - (1 - -18)) + 53 + 0 + (3737 - 3792).
-20
Evaluate (257 - 265) + 54 + 2 + 6 + -4.
50
What is the value of -25 + (34 - 12) - (-37 + (-5 - -7))?
32
Evaluate -124 - (143 - 156 - (7 + 0) - -20).
-124
Calculate (54 - 33) + -10 + 16 + 7.
34
-5 - (82 + 53 + -73)
-67
Evaluate 496 + -577 - (-30 + 1).
-52
What is the value of (-101 - (-131 - -10)) + -37?
-17
Calculate 30 - ((-41 - -21) + 19) - 24.
7
What is the value of -2 + 11 - ((5 - 3) + -1 - 27)?
35
Evaluate -26 + (4 - (20 + -26) - (1 - -12)).
-29
(4 - 60) + (-68 - -94) - 8
-38
What is -2 + 3 - (19 - 26 - -4 - 35)?
39
Calculate 68 - -10 - 45 - 39.
-6
Calculate (-10 - 0) + -1 + 19 + -11 + 28.
25
What is the value of -19 + 72 - 51 - 35?
-33
Evaluate -71 - (50 + 24 + -76).
-69
-98 + 13 + (93 - 52)
-44
Evaluate -5 + 110 + 1 + (-46 + 47 - (-6 + 11)).
102
Evaluate 110 - -1 - (-38 + (27 - (-28 - (11 - 38)))).
121
What is the value of 5 + (-49 - (-3 - (-2 + 23)))?
-20
What is the value of 40 + 16 + 0 + 9 + (-8 - (-30 + 8))?
79
Evaluate 109 + (-14 - (-14 + 73)).
36
Evaluate 1 - (-432 + 352 - (-11 + -1)).
69
-99 - (-20 - -8 - (2 - (0 + 0)))
-85
What is 540 - 521 - (53 + 2 + -2)?
-34
What is 18 + -42 + -1 + -375 + 378?
-22
Evaluate 21 + 32 + -71 + 52.
34
Evaluate 10 - (-55 + 31 - (3 - 83) - (1 - -9)).
-36
-8 - -2 - ((18 - 35) + 46)
-35
-32 + 52 - (-27 - 13) - (-3 - (1 + 1))
65
What is the value of -46 - (-86 - -187 - 142)?
-5
-2223 + 2347 + 2 + -57
69
What is 7 + -49 + 21 + 25 + -22?
-18
Calculate -137 + (29 - (-9 - 29)).
-70
Calculate -39 + (-1 - -7 - (92 + -96)) + -21.
-50
Calculate 3 + -31 + (366 - 339) - 9.
-10
What is the value of 3 + (2 + -14 - (4 + 16 + -9 + 11))?
-31
Evaluate -3 + (1 - -1) + (-9 - (-1 + 17 + -18)).
-8
6 + (-505 - -500 - (1 + 12)) + (0 - -36)
24
-25 - 3 - (-90 + 111 + -141)
92
What is the value of (2 - -1) + 2 + (73 + -22 - -4)?
60
What is 0 - 39 - (-56 - -152 - 119)?
-16
What is the value of 4 + -9 + -90 - (124 - 160)?
-59
What is (-18 - -6) + 10 + 22 + (-1 - -2)?
21
Evaluate 133 + -81 + -46 + 64.
70
-92 + 39 + -6 + (-74 - -33)
-100
(30 + 17 - 7) + -36 + (-1 - -47)
50
-85 - (91 + 20 + -219)
23
Calculate -18 - (2 - 7) - (11 + -20) - 9.
-13
Calculate 1 + (-27 - -15) + (2 - (-19 - -1)) + -70.
-61
What is (-7 - (19 + -37)) + 22 + 0?
33
2 + -2 + 29 + (-185 - -182) + 9
35
111 + (-35 - 82) - (1 + 3)
-10
Evaluate -2 + 65 + -2551 + 2476.
-12
What is -13703 + 13724 + (-13 + -2 - 0)?
6
Evaluate -15 + 17 + -58 - -13.
-43
What is (-12 - -14 - (9 + -43)) + -20 - -9?
25
Calculate (-91 - -183) + (11 + 4 - (6 + -1)).
102
Evaluate -26 + 14 - (-34 - (-1 + 3)) - 7.
17
What is -32 + 72 + 54 + -161?
-67
Calculate (14 - (-5 + 2 + 2)) + -7 - (-43 + 3).
48
What is 67 - (41 + 44) - -80?
62
What is 51 - (-113 + 86 + 103)?
-25
What is 4 - ((-13 - (7 + -1 - 13)) + 6) - 77?
-73
What is the value of 2 + -19 + -35 + -11 + 12 + 19?
-32
Evaluate (-42 - (-61 - 17)) + 65.
101
What is -1 + (0 + 2 - -6) - (-48 - (-25 - 16))?
14
Evaluate 5 - (-2 + -52 - (17 + -24) - -4).
48
3 + -55 + 3 + (16 - (7 + 2))
-42
Calculate -55 - (-31 - -9 - 5).
-28
-107 + (47 - -8) - -67
15
What is (-13 - (-15 - -2)) + 12 + 7?
19
Evaluate 18 - 15 - ((-6 + -3 - -38 - -6) + 9).
-41
Evaluate 2 + -4 + -38 + (30 - (-10 - -19)).
-19
Calculate 9 - (-9 + 7) - ((13 - 21) + -19).
38
What is the value of (25 - (-32 + 52)) + -5 + 2 + -2 + 43?
43
22 + (20 - -12 - 11)
43
What is the value of -21 - (38 + -62 + -35)?
38
7 - (-45 + 40) - -25
37
What is -3 + 10 + (65 - 7) + 11?
76
Evaluate -3 - (6 - 5) - (0 + 5 + -25).
16
Calculate -34 + 3 + 1 + (65 - (-48 - -99)).
-16
(68 + (-61 - -34) - (25 - 2)) + 38
56
What is the value of (-1 - 18) + 4 + (36 - -21) + -54?
-12
What is the value of 25 + 2 + -2 + -1354 + 1343?
14
What is the value of -12 + ((-17 - 4) + 32 - 26)?
-27
Calculate -1 + 70 - (0 + 8 + (432 - 451)).
80
What is the value of 10 + (19 - 26) + 0 + -1 + (5 - -52)?
59
Calculate -2 + -23 - -14 - ((-6 - 2) + 4).
-7
(7 + 1 - (73 - 182 - -61)) + 10
66
What is the value of (3 - (26 - 18 - (-4 - 11))) + -9?
-29
Calculate 3 + 66 + -74 + (21 - 0) + 1.
17
What is (29 - -20) + (8 - 1 - -1 - (-6 - -4))?
59
Calculate 10 - (-3 - -2) - (13 + -8 + 7 + -1).
0
49 - 49 - (29 + (3 - -4 - 4))
-32
Evaluate 19 + 26 + (86 - 23).
108
What is the value of 5 + (-7 + 2 - 4) + -6 - 47?
-57
Evaluate (-4 - 0 - -11) + (-5 - 4) + 30 + -25.
3
What is (0 - -1) + (7 + -7 - (24 - (-22 - -17)))?
-28
Calculate -32 + (-28 - (68 - 135)).
7
42 + 35 + -18 - 100
-41
-61 + -73 + 73 + 75
14
What is -273 + 294 - (4 - 1)?
18
What is the value of 28497 + -28508 - ((-8 - (-1 + 2)) + -1)?
-1
Calculate -2008 - -2012 - (2 - -44).
-42
Evaluate -17 + 11 + 28 + -15 + (-3 - -1).
5
Evaluate -162 + 9 + (51 - 27) - (5 - -14).
-148
Evaluate -117 + (31 - -72) - (-66 + -1).
53
Evaluate 6 + (10 + -10 - (5 - (-6 - -15))) + 43.
53
-57 + -1 + (-63 + 30 - -46 - 2)
-47
What is (34 - (-41 + (44 - -3))) + -142?
-114
Calculate -3 - ((-4 - 11) + -10 + 13) - -7.
16
(18 + -9 - 65) + 3 + 1 + -10 + -4
-66
What is 22 + -6 + (863 - 963)?
-84
Evaluate (-1 - ((2 - -48) + 13)) + -1 + 2 + 1.
-62
What is 163 + (-38 - -34 - 23) + (2 - 0) - 15?
123
Calculate 102 - (66 - -22) - (0 - 3 - (-10 - -2)).
9
Evaluate 11 + (19 - 42) + -4 + -4.
-20
Calculate -54 + (48 - 3) - -40.
31
What is the value of -12 - (72 - 44) - 30?
-70
Calculate (22 - (0 + 7)) + -22 + (-1 - -14) + 2.
8
Calculate 2 + -45 - 0 - (-2 + (208 - 189)).
-60
27 - (-56 - -102 - -30)
-49
Evaluate (-3 - -2) + 37 + -119 + (319 - 220).
16
What is -45 - ((17 - 77) + 60)?
-45
-52 - (55 + (-19 - 40))
-48
-13 + (4 - (6 - -5)) - (27 - 35)
-12
What is 5 + -12 + (-5 - (5 - 17)) + -21?
-21
What is -102 + 95 - ((-3 + 2 - 0) + -9 + -48)?
51
What is 0 + 12 + (348 - 351) - (-16 - 0)?
25
Evaluate 1 + 13 - (-87 - (11 + -88)).
24
Calculate -78 + 1 + (8 + -45 + 34 - -27).
-53
What is the value of -34 + (-5 - (-165 - -132))?
-6
What is -12 + (-103 - -106 - (3 + -14 + -3))?
5
Calculate (-3 - (-14 + 5 + -6)) + -7 + 0.
5
What is 77 + (-42 - 58) + 37?
14
Calculate -8 - (-42 + 2 + (403 - 389)).
18
Evaluate -11 + (-3 - 1 - (-7 - -14) - (-1 + -11)).
-10
(13 + -5 - -1 - (-9 + (-25 - -32))) + 49
60
What is (34 - 21 - 27) + -2 + 11 + -7?
-12
What is (4 - 3 - -12 - (77 - 2)) + 11?
-51
21 + (-9 + 20 + -16 - 10)
6
5 + 4 + 23 + -5 - (11 - (11 + 0))
27
(94 - -5 - 6) + (14 + -10 - -5) + -6
96
What is the value of 30 + (24 - 64) - (2 - 6 - (2 - -94))?
90
What is -9 - (-3 + (1 - -8)) - (15 + -19) - -5?
-6
What is the value of (19 - (65 - 7)) + (9 - -4) + 5?
-21
Evaluate 50 + (-118 - (-62 - -37)).
-43
Evaluate (21 - (-10 + 15) - 28) + -8 + 5.
-15
What is the value of -42 + (-53 + 65 - -36)?
6
Evaluate (-8 - -1) + -1 - (1109 + -1046).
-71
(285 - 199) + (-22 - 1)
63
What is the value of -32 + (3 - (-3 - 16))?
-10
55 - (-13 + -40) - 174
-66
What is the value of (-39 + 14 - 9) + 114 + 11 + -2?
89
Evaluate 4 + -91 - ((-49 - -15) + 11).
-64
Calculate -3 + (20 - 38) - -14.
-7
Calculate 1 + -15 + (-77 - 8) + 59.
-40
Evaluate 1 + 13 + (-14 - -2) - -4 - 14 - -97.
89
Cal